
6
What is the hundred thousands digit of 2789044?
7
What is the hundred thousands digit of 4698143?
6
What is the units digit of 3102892?
2
What is the thousands digit of 419217?
9
What is the ten thousands digit of 37299?
3
What is the thousands digit of 31816838?
6
What is the ten thousands digit of 94557?
9
What is the ten thousands digit of 800759?
0
What is the thousands digit of 8596885?
6
What is the ten thousands digit of 4029175?
2
What is the tens digit of 1730976?
7
What is the hundreds digit of 61552?
5
What is the units digit of 2927052?
2
What is the millions digit of 2312776?
2
What is the units digit of 2021167?
7
What is the thousands digit of 129586?
9
What is the hundreds digit of 112595?
5
What is the tens digit of 11401906?
0
What is the millions digit of 3617264?
3
What is the tens digit of 6400551?
5
What is the units digit of 1660577?
7
What is the thousands digit of 7708249?
8
What is the ten thousands digit of 7424777?
2
What is the millions digit of 3284690?
3
What is the thousands digit of 13593463?
3
What is the units digit of 111335?
5
What is the thousands digit of 60963?
0
What is the millions digit of 1124291?
1
What is the millions digit of 5281681?
5
What is the tens digit of 155424?
2
What is the thousands digit of 31393?
1
What is the thousands digit of 283249?
3
What is the hundred thousands digit of 4986334?
9
What is the ten thousands digit of 13158451?
5
What is the thousands digit of 266708?
6
What is the units digit of 2156668?
8
What is the hundreds digit of 3041867?
8
What is the hundred thousands digit of 526010?
5
What is the units digit of 251224?
4
What is the units digit of 1077582?
2
What is the hundred thousands digit of 16539530?
5
What is the hundreds digit of 203771?
7
What is the hundred thousands digit of 4532190?
5
What is the hundred thousands digit of 17795821?
7
What is the hundred thousands digit of 4849798?
8
What is the tens digit of 4505376?
7
What is the millions digit of 1051966?
1
What is the ten thousands digit of 19209868?
0
What is the tens digit of 20095450?
5
What is the ten thousands digit of 186338?
8
What is the tens digit of 24191309?
0
What is the hundred thousands digit of 840587?
8
What is the hundreds digit of 1118343?
3
What is the thousands digit of 20245994?
5
What is the ten millions digit of 25860854?
2
What is the tens digit of 14569816?
1
What is the thousands digit of 4324871?
4
What is the units digit of 54274?
4
What is the tens digit of 28404?
0
What is the tens digit of 251823?
2
What is the hundred thousands digit of 8624107?
6
What is the hundreds digit of 632346?
3
What is the units digit of 1345690?
0
What is the hundred thousands digit of 141422?
1
What is the thousands digit of 57548?
7
What is the ten thousands digit of 18112579?
1
What is the thousands digit of 193284?
3
What is the tens digit of 362834?
3
What is the units digit of 2438023?
3
What is the hundreds digit of 5585274?
2
What is the units digit of 15513439?
9
What is the hundred thousands digit of 4030781?
0
What is the hundred thousands digit of 3254823?
2
What is the hundreds digit of 53563?
5
What is the ten thousands digit of 918876?
1
What is the units digit of 1193860?
0
What is the hundred thousands digit of 494038?
4
What is the hundred thousands digit of 222921?
2
What is the ten thousands digit of 33650?
3
What is the thousands digit of 756153?
6
What is the tens digit of 5236674?
7
What is the hundred thousands digit of 1366709?
3
What is the hundred thousands digit of 18780585?
7
What is the tens digit of 43967702?
0
What is the millions digit of 2453241?
2
What is the units digit of 4636419?
9
What is the tens digit of 238539?
3
What is the millions digit of 21538518?
1
What is the hundreds digit of 212123?
1
What is the hundreds digit of 174163?
1
What is the ten thousands digit of 168328?
6
What is the ten thousands digit of 673390?
7
What is the ten millions digit of 17829553?
1
What is the units digit of 7658968?
8
What is the units digit of 7448468?
8
What is the units digit of 2107911?
1
What is the thousands digit of 2055219?
5
What is the units digit of 26765?
5
What is the units digit of 21736?
6
What is the units digit of 554722?
2
What is the hundreds digit of 322132?
1
What is the units digit of 3706363?
3
What is the tens digit of 284410?
1
What is the ten thousands digit of 184199?
8
What is the hundreds digit of 14186745?
7
What is the millions digit of 6001247?
6
What is the ten thousands digit of 1516959?
1
What is the thousands digit of 4434259?
4
What is the hundred thousands digit of 184638?
1
What is the ten thousands digit of 48301?
4
What is the tens digit of 1726277?
7
What is the thousands digit of 4347259?
7
What is the ten thousands digit of 2960036?
6
What is the units digit of 279824?
4
What is the hundreds digit of 7158640?
6
What is the ten millions digit of 14001207?
1
What is the thousands digit of 12266138?
6
What is the tens digit of 237173?
7
What is the thousands digit of 11557385?
7
What is the tens digit of 26399068?
6
What is the hundred thousands digit of 14773874?
7
What is the thousands digit of 4794735?
4
What is the units digit of 7214593?
3
What is the thousands digit of 501634?
1
What is the thousands digit of 9657168?
7
What is the ten thousands digit of 370361?
7
What is the millions digit of 3092788?
3
What is the units digit of 12057533?
3
What is the millions digit of 6786566?
6
What is the hundreds digit of 360297?
2
What is the hundreds digit of 586171?
1
What is the millions digit of 11630305?
1
What is the thousands digit of 12151092?
1
What is the tens digit of 13613865?
6
What is the ten thousands digit of 5337507?
3
What is the units digit of 703932?
2
What is the thousands digit of 17701?
7
What is the hundred thousands digit of 337929?
3
What is the units digit of 2177680?
0
What is the hundred thousands digit of 462812?
4
What is the units digit of 1028457?
7
What is the units digit of 925709?
9
What is the thousands digit of 6030544?
0
What is the tens digit of 73885?
8
What is the units digit of 33700?
0
What is the thousands digit of 279534?
9
What is the hundred thousands digit of 3049584?
0
What is the units digit of 49288?
8
What is the hundreds digit of 3687521?
5
What is the hundreds digit of 19861064?
0
What is the units digit of 4935855?
5
What is the tens digit of 2363611?
1
What is the hundreds digit of 372862?
8
What is the hundreds digit of 589393?
3
What is the thousands digit of 153875?
3
What is the millions digit of 4272020?
4
What is the ten thousands digit of 938917?
3
What is the thousands digit of 400744?
0
What is the hundreds digit of 19694313?
3
What is the ten thousands digit of 1027654?
2
What is the millions digit of 8177127?
8
What is the millions digit of 2185926?
2
What is the ten thousands digit of 14584922?
8
What is the hundred thousands digit of 318516?
3
What is the tens digit of 98675?
7
What is the hundreds digit of 206032?
0
What is the thousands digit of 1071393?
1
What is the hundred thousands digit of 2111154?
1
What is the millions digit of 1171385?
1
What is the tens digit of 2396389?
8
What is the ten thousands digit of 2296802?
9
What is the hundreds digit of 1603300?
3
What is the tens digit of 1654556?
5
What is the millions digit of 1051229?
1
What is the thousands digit of 12655918?
5
What is the ten thousands digit of 31208117?
0
What is the millions digit of 16653924?
6
What is the hundreds digit of 9532932?
9
What is the ten thousands digit of 11590156?
9
What is the hundred thousands digit of 1222195?
2
What is the tens digit of 1478532?
3
What is the tens digit of 19351881?
8
What is the tens digit of 360141?
4
What is the tens digit of 2479572?
7
What is the units digit of 24929245?
5
What is the units digit of 1176295?
5
What is the ten thousands digit of 289173?
8
What is the tens digit of 290370?
7
What is the tens digit of 1269613?
1
What is the units digit of 382731?
1
What is the ten thousands digit of 278668?
7
What is the thousands digit of 4187639?
7
What is the hundred thousands digit of 434605?
4
What is the tens digit of 69501?
0
What is the millions digit of 20690529?
0
What is the hundreds digit of 376530?
5
What is the ten thousands